et g(x) = 3*x**2 + 5*x - 9 + x + u. What are the prime factors of g(-6)?
5, 19
Let z = -20 - -23. Suppose -3*m + o - 82 = -4*m, -266 = -z*m + 2*o. List the prime factors of m.
2, 43
Let h(s) = 76*s + 19. Let g be h(10). Let f = g + -304. List the prime factors of f.
5, 19
Let x(r) = -r**2 + 31*r - 54. Let z be x(29). List the prime factors of -4 + (z/5)/(2/3130).
2, 3, 13
What are the prime factors of (341018/60 - 34/255) + (-2)/(-4)?
2, 7, 29
What are the prime factors of 85704/42 - (-15)/35?
13, 157
List the prime factors of (-122*(-2)/(-4))/(1/(-215)).
5, 43, 61
Let x = -378 + 389. Suppose -3038 = -x*p + 8160. What are the prime factors of p?
2, 509
Suppose -12 = -4*r + r. Suppose -3*g + 15 = -r*l, -l + 3*g = -0 + 6. List the prime factors of (29/(-3) - 0)/(1/l).
29
Let n = 831 - 53. Let o = -673 + n. List the prime factors of o.
3, 5, 7
Suppose -930 = -4*x - 2*b + 572, 2*b + 736 = 2*x. What are the prime factors of x?
373
Let y = 4063 + -3636. What are the prime factors of y?
7, 61
Let r = -11535 + 21427. What are the prime factors of r?
2, 2473
Let d = -5504 + 7929. What are the prime factors of d?
5, 97
Let s(a) = 67*a**3 + 3*a**2 - 22*a + 43. Let f(w) = -w**2 - 27*w + 200. Let x be f(-33). What are the prime factors of s(x)?
547
Suppose 0 = 5*j - 5, 3*t + 3*j = 4228 + 980. List the prime factors of 2/(-6) + (-3)/((-9)/t).
2, 17
Suppose -1885*z = -1888*z + 6705. Suppose z = 12*w + 3*w. List the prime factors of w.
149
Suppose 0 = 20*s + 7*s - 3915. Suppose -75*j = -80*j + s. List the prime factors of j.
29
Suppose -100*p + 95*p = -3*d - 39663, -p = -3*d - 7947. List the prime factors of p.
3, 881
Let y(w) = w**2 + 6*w - 21. Let a be y(-9). Let m(k) = k**2 - 10*k + 30. What are the prime factors of m(a)?
2, 3
Suppose 0 = -3*d + u - 137, 2*d + 0*d - 5*u + 113 = 0. Let y be ((-22)/(-8))/(11/d). Let m(j) = j**3 + 10*j**2 - 14*j + 8. List the prime factors of m(y).
41
Let u(b) = -317*b**2 + 6*b + 2. Let k be u(-1). Let r = 58 - k. What are the prime factors of r?
379
Let d = -394 - -621. Suppose 0 = 2*i - 5*k - d, 0 = -3*i - k - 52 + 350. Let u = 226 - i. List the prime factors of u.
5
Suppose 3*u = 4*i + 1, 3*i = -4*u + 6*u. Suppose -3*p + 296 = i*o, 2*p - 4*p - 276 = -2*o. Suppose 4*w - o - 170 = 0. What are the prime factors of w?
2, 3, 13
Let a = -494 + 1163. Let x = a + -224. List the prime factors of x.
5, 89
Let j be 4/(-12) + 15/(-9) - 18. Let d be (-488)/6*(j/8 - -1). Let m = d - 53. List the prime factors of m.
3, 23
Let b(q) = q**2 + q - 24. Let m be b(-7). Suppose m*h - 23*h = 30. What are the prime factors of (-6 - 136)*h/4?
3, 71
List the prime factors of ((-4600)/80)/((-30)/9432).
2, 3, 23, 131
Suppose 4*f + 5*o - 25 = 0, 0*o - 10 = -2*o. Let n = 798 - 698. Suppose a = -5*m + 71, f = -2*a + 2*m + 2*m + n. What are the prime factors of a?
2, 7
Let k = 75 - 11. Suppose -s + 40 = 4*p + p, 4*s = 4*p + k. Let b = s - 11. List the prime factors of b.
3
Suppose u + 39*z - 5987 = 41*z, -4*z + 5987 = u. List the prime factors of u.
5987
Suppose -6*k - 1 = -31. Suppose -k*a + 282 = a. Let h = 81 - a. List the prime factors of h.
2, 17
Let p(w) = 19*w**2 - 28*w + 99. Let q(j) = 2*j**2 + j - 1. Let c(a) = p(a) + 6*q(a). What are the prime factors of c(4)?
3, 167
Let o be 1203*(-2 + (-10)/(-6))*-3. Let z = o - 735. Suppose -c + 5*c = z. What are the prime factors of c?
3, 13
Suppose u + 399 = -r - 232, -5*r + 2*u - 3155 = 0. Let w = -318 - r. Suppose -14 = -3*i + w. What are the prime factors of i?
109
Suppose 11*y - 260 = 4*q + 6*y, 0 = 5*q - 5*y + 320. List the prime factors of 1147/2 + 30/q.
3, 191
Suppose 9 + 0 = 3*b. Suppose 0 = -b*m - 5*u + 175 + 204, 3*m + u - 395 = 0. Let p = m + -80. What are the prime factors of p?
53
Suppose -2*u + 14 = 8. Let i be u - 9/(-2)*(-12)/(-9). Suppose 203 = i*o - 121. List the prime factors of o.
2, 3
Suppose -852*l + 866*l = 37940. List the prime factors of l.
2, 5, 271
Suppose 1845*g + 31525 = 1850*g. List the prime factors of g.
5, 13, 97
Suppose 9*n + 33 = 60. What are the prime factors of (n/6)/((-16182)/(-3236) - 5)?
809
Suppose -3*d - 3*d = -342. Suppose 2*c - 291 - d = 0. List the prime factors of c.
2, 3, 29
Let v = 307 + -217. Suppose 0 = -3*p, 5*c + v = 3*p + 5. Let t = c + 42. List the prime factors of t.
5
Let z = -102 + 104. Let b be ((-4)/z)/(-2) - 5. What are the prime factors of (-56 + 0)*(-3)/((-6)/b)?
2, 7
Let o = 732 - -407. Let v = -673 + o. What are the prime factors of v?
2, 233
Let f(r) = -r**2 - 10*r + 2. Let m be f(-10). Suppose -b = -m*b + 27. What are the prime factors of 681/b - 4/18?
5
Let p(x) = 6*x**3 - 15*x**2 + 45*x + 6. Let s be 8 - (-1 - ((0 - 1) + -3)). List the prime factors of p(s).
2, 3, 101
Let k be (-1)/(2/(1 - 3 - 0)). Let s(d) = -5*d**3 - 4*d**2 + 4*d - 1. Let b be s(k). What are the prime factors of 2/b + (-5092)/(-57)?
89
Let b = 820 - 816. Suppose -5*s = -4*z - 6370, 3*s - b*z + z - 3819 = 0. What are the prime factors of s?
2, 3, 71
Let h = -496 - -782. What are the prime factors of -1*69*h/(-66)?
13, 23
Let z be ((-2)/(-4))/(1/(-22)). Let x(j) be the third derivative of -j**6/120 - j**5/5 - 3*j**4/4 - 23*j**3/6 + 11*j**2 + 2*j. List the prime factors of x(z).
2, 3
Suppose 26 + 7 = 16*n - 15. Let t be (-2)/((-2)/(63 - 1)). Suppose -n*p + 260 = t. What are the prime factors of p?
2, 3, 11
Let n = 423 + 5858. What are the prime factors of n?
11, 571
Let l(y) = 7*y + 42. Let x(a) = a**2 + 8*a - 15. Let r be x(-9). Let i be l(r). Suppose i = -g - q + 172, -6*q + 25 = -q. What are the prime factors of g?
167
Suppose 0 = 4*q + 2*d - 11 - 5, 4*q - d - 4 = 0. Suppose -4 - q = 3*i, 4*j = -2*i + 1424. List the prime factors of j.
3, 7, 17
Suppose -4*x + 725 = 4*u - 891, 2014 = 5*u + 3*x. What are the prime factors of u?
401
Let x(u) = -13*u + 27. Let p be x(2). List the prime factors of (p/(-4))/((-43)/46268).
269
Let n be (13/(312/(-108)))/(2/(-212)). Suppose 4*o - 3725 = -n. List the prime factors of o.
2, 7, 29
Let d be (1 + -2 - 2)/(19/38). Let z(g) = -3*g**3 + 3*g**2 - 11*g + 4. What are the prime factors of z(d)?
2, 7, 59
Let d(x) = 1 + 13*x + 2*x**2 + 33 + 6*x. List the prime factors of d(-14).
2, 5
Suppose 0 = 43*k - 56*k + 179660. List the prime factors of k.
2, 5, 691
Let x(r) = 25*r**2 + r + 4 + 0 - 3. Let k be -3*(-10)/(-15) + 0/4. What are the prime factors of x(k)?
3, 11
Let j(c) be the third derivative of 0 + 0*c + 1/2*c**4 + 5/6*c**3 + 8*c**2. List the prime factors of j(1).
17
Suppose -b = -5*b, 2*g + 28*b - 29*b = 49630. What are the prime factors of g?
5, 7, 709
Suppose -5*s + p - 5*p - 92 = 0, 5*p + 10 = -s. What are the prime factors of (70/s)/(2/(-424))?
2, 7, 53
Let f = -35 - -38. Let q be 2 + -27*f + 0. Let u = q - -137. What are the prime factors of u?
2, 29
Suppose 46*r - 123*r + 2280817 = 0. List the prime factors of r.
19, 1559
Let d be (-2 - -4)/(-4)*(-783 - -7). Suppose -d = -8*v + 900. What are the prime factors of v?
7, 23
Let r(k) = 10*k**2 + 110*k + 8239. List the prime factors of r(-69).
48259
Let n = 346 - 315. Suppose 26*f - n*f = -3615. List the prime factors of f.
3, 241
What are the prime factors of (-1052)/(-2893) + (-542446)/(-22)?
3, 8219
Suppose 22*p + 3*p = -16*p + 482242. List the prime factors of p.
2, 5881
Suppose -5*y - h + 1316 = 0, 2*y = -2*h - 0*h + 528. Suppose -266*i + y*i = -2508. What are the prime factors of i?
2, 11, 19
Let i(l) = -2*l**3 + 5*l**2 + 52*l + 672. List the prime factors of i(-31).
3, 21149
Let y(f) = 110*f**3 - 2*f. Let m be y(-2). Let b = 369 + m. Let o = -284 - b. What are the prime factors of o?
223
Let p be 40/(-12)*3474/10. What are the prime factors of (p/7)/(41/(-287))?
2, 3, 193
Suppose v - 872 = -3*k, 3*k + 286 = 4*k - 2*v. Let t = 553 - k. List the prime factors of t.
263
Suppose 3345 + 168 + 13529 = 2*f. What are the prime factors of f?
8521
Let s = -5132 - -9967. What are the prime factors of s?
5, 967
Let z be (10 + 2)*1/2. Let x be (-24)/2 + (-14790)/(-17). Suppose -5*q - z*q = -x. What are the prime factors of q?
2, 3, 13
Let k(i) = 211*i - 182. Let f be k(-8). Let r = 2924 + f. What are the prime factors of r?
2, 17, 31
Let h = -19282 + 33731. List the prime factors of h.
14449
Suppose -u + 6*u = 0. Suppose 0 = -4*z - u*z - 60. Let o = 52 - z. List the prime factors of o.
6